Let f = -45 - -64. Calculate the remainder when 92 is divided by (24/(-10))/(f/(-190)).
20
Suppose 2*x = 5*p - 375, -3*x - 48 = -p + 27. Let d = p + 8. What is the remainder when d is divided by 12?
11
Let j(o) = -o**3 - 3*o + 3*o**2 + o**2 - 9*o**2. Suppose 4*z - 265 - 31 = 0. What is the remainder when z is divided by j(-5)?
14
Suppose 3*w + 22 = 2*u + 7*w, -3*w + 9 = 0. Suppose 4*i + 2 = u*i. Suppose 6*l = i*l + 104. What is the remainder when 102 is divided by l?
24
Suppose 777 = -4*k + 829. What is the remainder when 103 is divided by k?
12
Suppose -4*p = -4*v + 808, -3*v + 2*p - 408 = -5*v. Let y = -123 + v. What is the remainder when y is divided by 41?
39
Let k = -1360 - -2616. Calculate the remainder when k is divided by 34.
32
Suppose 0 = -7*l + 28 + 14. Let d(h) = 2*h**2 + h + 2. What is the remainder when d(l) is divided by 28?
24
What is the remainder when 210/(-560) + 6459/8 is divided by 102?
93
Suppose -19 = d - 4*d - 5*p, p + 1 = 0. Let y be (-395)/(-35) - (-2)/(-7). What is the remainder when d is divided by 1/(-2) - y/(-2)?
3
Suppose -3*r + 875 = -2*k, k - 38 = -2*r + 536. Calculate the remainder when r is divided by 61.
45
Let d = 300 - 130. Suppose 0*x - 2*z = -2*x + d, -x + 79 = 5*z. What is the remainder when x is divided by 29?
26
Suppose 4*a + 6 - 18 = 0. What is the remainder when (46/a)/(6/54) is divided by 35?
33
Let z be 2*5/(-20)*-186. Calculate the remainder when (z/(-6))/((-2)/4) is divided by 17.
14
Let t(a) = 9*a**2 + 35*a - 70. What is the remainder when 66 is divided by t(2)?
30
Calculate the remainder when 6 + (144 - -7) + 4 is divided by 33.
29
Let g be (-2)/(-5) - 3151/115. Calculate the remainder when (15/6)/(-5)*-116 is divided by 6/27 - 318/g.
10
What is the remainder when 1*(7 - 4)/3*187 is divided by 4?
3
Suppose -4*h - 2*z + 350 = -496, 3*h - 2*z = 631. Suppose -103 = -u + i, 0*i = 2*u + 3*i - h. What is the remainder when u is divided by 35?
34
Let x = 2459 - 2253. Calculate the remainder when x is divided by 30.
26
Suppose -8*m + 7*m + 151 = 0. Suppose 122 = -2*l + 7*l - 4*q, 4*q = -12. What is the remainder when m is divided by l?
19
Let l = -79 - -195. Let i = l + -87. What is the remainder when 144 is divided by i?
28
Let n = -20 + 20. Calculate the remainder when 18 + n/2 + 0 is divided by 10.
8
Suppose 3*c + 3 = -2*f - 10, 0 = -3*c + 3*f + 12. Calculate the remainder when 34 is divided by (0 - c)/(((-12)/(-21))/4).
6
Let n(h) = -4*h - 24. Calculate the remainder when n(-18) is divided by 25.
23
Let o(y) = -y**2 + 7*y. Calculate the remainder when -2 + 0 - -1*9 is divided by o(6).
1
Suppose -251 = -n + 4*v - 92, -5*n = 5*v - 895. What is the remainder when n is divided by 50?
25
Let a = -1898 + 3851. Calculate the remainder when a is divided by 17.
15
Suppose -2*l = 14 - 102. Suppose -44 = z - 0*n - 4*n, -3*z - 5*n = 64. Let x = 45 + z. Calculate the remainder when l is divided by x.
10
Calculate the remainder when 43 is divided by 2/15 + 2*(-534)/(-90).
7
Let f(h) = -h**2 - 7*h + 9. Let s be f(-7). Let m be (s/4)/(6/(-16)). What is the remainder when 38 is divided by (-3)/6 - 123/m?
18
Suppose -5*b + 9 = -21. Let f be 30 + (-3 - -5 - 2) - -1. What is the remainder when 6/12*(f - -1) is divided by b?
4
Let a(x) = -x**2 + 2*x + 3. Let j be a(4). Suppose 0*b - 2*b + 10 = 0. Calculate the remainder when b is divided by 6/((3 + j)/(-1)).
2
Let c = 61 - -19. Let b(t) = -2*t - 3. Calculate the remainder when c is divided by b(-15).
26
Suppose 2*s = -2, -3*s = -10*a + 5*a + 33. Let h = -91 - -100. Suppose 3*p = 2*w - 11, 0 = 2*w + 3*p - 4*p - h. Calculate the remainder when a is divided by w.
2
What is the remainder when (-26)/65 + 3934/10 is divided by 44?
41
Let l(f) = -2*f + 19. Let t = 16 + 14. Let b = 21 - t. Calculate the remainder when l(b) is divided by 10.
7
Let l = 501 - 465. What is the remainder when 431 is divided by l?
35
Let c be (-11)/3 + (-4)/(-6) + -73. Let y = -42 - c. What is the remainder when 66 is divided by y?
32
Suppose -30*r + 7255 = 2635. Calculate the remainder when 158 is divided by r.
4
Let m = -22 + 27. Suppose 0*z + z = 2*a + 12, -3*a = -m*z + 32. Calculate the remainder when 7 is divided by (z - 1 - -3) + -3.
1
Suppose t + 3*q - 4 = -2*q, -4*t = -3*q - 16. Suppose -t*o + 38 = -2*o. Calculate the remainder when 73 is divided by o.
16
Let c = -641 + 655. Calculate the remainder when 136 is divided by c.
10
Suppose 8*n - 42 = 2*n. Calculate the remainder when ((-4)/5 - (-1043)/35) + -1 is divided by n.
0
Let o(n) = n**2 - 2*n + 5. Suppose -67 = 3*u - 4*u - 5*l, 0 = -5*u - 3*l + 247. What is the remainder when u is divided by o(3)?
7
Suppose 0 = -30*z - 5*z + 1820. What is the remainder when 152 is divided by z?
48
Let f(h) = -46*h + 791. Calculate the remainder when f(17) is divided by 4.
1
Let l(f) = -f**2 + 6*f. Let w be l(6). Suppose w = 2*u + 4 - 10. Suppose u*j - 4 - 2 = 0. Calculate the remainder when 6 is divided by j.
0
Suppose -4*n = -5*y - 251, 3*n - 28 - 137 = -4*y. What is the remainder when n is divided by (-24)/(-204) - ((-1524)/51 - 1)?
28
Let f(s) = -2*s**3 - 4*s**2 - 2*s - 3. Suppose -5*l - 1 = -3*r, l = 2*r - 0*l + 4. What is the remainder when 62 is divided by f(r)?
20
What is the remainder when ((-14 - -8)/18)/(1/(-318)) is divided by 36?
34
Let t(j) = j**2 + 5*j + 7. Let i be t(-7). Suppose -2*q + 2*p - 16 = -4*q, 0 = 3*q + 4*p - i. Calculate the remainder when 19 is divided by q.
8
Suppose -9 = -3*t + 2*c - 113, 5*t - 3*c = -173. Let v = t - -88. Calculate the remainder when v is divided by 14.
12
Let j = -1088 + 1125. What is the remainder when 368 is divided by j?
35
Suppose 3*l = 25 + 143. What is the remainder when 166 is divided by (l/12)/((-8)/(-72))?
40
Suppose v - 79 = -0*m - m, -123 = -2*m + 5*v. Suppose 77*p - 264 = m*p. What is the remainder when p is divided by 32?
24
Let a be (-5)/(-60)*-3 + 1/4. Suppose -2*v + 16 = -6*v, 5*w + 5*v + 10 = a. What is the remainder when (-2)/(-4) - (-7)/2 is divided by w?
0
Let j(x) = -5*x + 30 + 3*x - 4*x + 4*x. Let o be j(0). Suppose 0*s + 2*s - o = 0. What is the remainder when 56 is divided by s?
11
Let f be (2/(-2) + -3)*-18. Suppose 2*c - 2*m + m = 102, 0 = 5*c + 3*m - 233. Let k = f - c. Calculate the remainder when k is divided by 12.
11
Let r = 185 - 155. Calculate the remainder when 59/3*(0 - -3) is divided by r.
29
Let s(a) = a**3 - 10*a**2 + 47*a - 58. Suppose 6*p = 3*p + 198. Calculate the remainder when p is divided by s(4).
32
Suppose 0 = c + 3*z - 678, -2*c - 276 + 1641 = 3*z. What is the remainder when c is divided by 339?
9
Suppose 9*i - 7*i + 2*k - 154 = 0, -2*i + 4*k = -148. Suppose -3*y - 7 = -55. What is the remainder when i is divided by y?
12
Suppose -4*j - 608 = -12. Let l = j + 218. Calculate the remainder when l is divided by 8.
5
Let s be 1 + 0 + 55/11. Let n be 1*s - (8 - 5). Suppose -o - n*j + 43 = 0, 172 = o + 3*o + 4*j. What is the remainder when o is divided by 22?
21
Suppose 0 = -2*z + 5*z - 2*s - 461, -2*z - 2*s + 304 = 0. Calculate the remainder when z is divided by (-5)/(20/16)*(-26)/8.
10
Let c = -408 - -414. Suppose -5*z + w + 33 = -z, 4*w = -2*z + 30. What is the remainder when z is divided by c?
3
Suppose 0 = m - 3*o + 4*o - 68, -5*m + 390 = -5*o. Calculate the remainder when m is divided by 13.
8
Let i = -117 - -113. Let m(u) = u**3 + 5*u**2 + 5*u + 8. What is the remainder when 4 is divided by m(i)?
0
Let t be (10/3)/((-2)/6). Let q = 64 + t. What is the remainder when 36 is divided by (-2)/9 - (-1038)/q?
17
Suppose -13 = 3*h - 34. Calculate the remainder when h is divided by 3.
1
Let b(a) = -a**3 - 11*a**2 - 11*a - 11. Let r be b(-10). Calculate the remainder when 46 is divided by ((-1)/r)/(3/72).
22
What is the remainder when 154/(-3)*840/(-196) is divided by 16?
12
Suppose -u + 189 = c, 945 = 5*c + 2*u - u. Suppose -7*q + c = 2*q. Calculate the remainder when q is divided by 11.
10
Let g(h) = 2*h**3 - 5*h**2 + 13*h + 2. Calculate the remainder when g(5) is divided by 37.
7
Let c(u) be the third derivative of -1/3*u**3 + 1/12*u**4 - 3*u**2 + 0 + 0*u. What is the remainder when 78 is divided by c(11)?
18
Let k = -151 - -211. Let q(l) = 3*l + 33. Calculate the remainder when k is divided by q(-4).
18
Let k(x) = -x - 10. Let q be k(-10). Let s = 2 - q. Suppos